38 = -t - 6, 5*s - 46 = -2*t. Let z(b) = -2*b**2 - 7*b - 1. Let w be z(-5). Let v be (-9)/2*w/12. What is the greatest common factor of v and t?
2
Suppose 48 = 2*h - h. Let r = 19654 - 19522. Calculate the greatest common factor of h and r.
12
Let z be (2*5)/(1/12). Let w be (88/(-726)*22)/((16/4)/(-780)). What is the highest common divisor of w and z?
40
Let d be (14 - -2842) + 32/8. Calculate the highest common divisor of d and 1820.
260
Let r be 216/(-1404) + (-1)/(26/(-12718)). Let m = r - 423. What is the greatest common factor of 6 and m?
6
Let w be 1/(((-1)/15)/(14/14)). Let u = 78 + w. What is the greatest common divisor of u and 21?
21
Let b(o) = 3*o**3 - 8*o**2 - 16*o - 1. Let u be b(5). Suppose -429 = -7*c + 4*c. Suppose 45 = 4*l - c. What is the highest common factor of u and l?
47
Let b be (-100)/60*6/(-5). Suppose 4*q + t = 2005, 975 = b*q - 6*t + t. What is the greatest common divisor of q and 20?
20
Suppose 3*o + 54 = 7*o + 2*d, -5*o = 2*d - 68. Let x be (-1)/4 - 617/(-4). What is the highest common factor of o and x?
14
Suppose 5*v - 33 + 388 = 5*b, 65 = b + v. Let j = b - -32. Let i = j - 40. What is the greatest common factor of 150 and i?
30
Let h(b) = b**3 - 23*b**2 - 24*b + 3. Let a be h(24). Suppose -2*u + 4 = l, 5*u + 16 = 4*l + u. Calculate the greatest common factor of a and l.
1
Let v = 4261 - 4177. Calculate the greatest common factor of v and 2464.
28
Suppose -127 = 20*y + 33. Let q be (y + 2413)/5 + 0 + -1. What is the greatest common divisor of q and 30?
30
Let l = 206 + -98. Suppose 4*a = l - 28. Let r = -1531 + 1581. Calculate the highest common divisor of a and r.
10
Suppose 50688 = 636*x - 592*x. Calculate the highest common factor of 72 and x.
72
Suppose -14*n + 308 + 467 = 271. Let j(c) = 4*c - 2. Let g be j(5). Calculate the highest common divisor of n and g.
18
Let j = 747 - 735. Let z be 0/(1 - 4) - (j - 562). Calculate the greatest common factor of z and 50.
50
Let s = 316 + -211. Let d be (-2 + 0)/(10/s). Let f(y) = -y**2 - 30*y - 44. Let l be f(d). What is the greatest common divisor of 58 and l?
29
Suppose 136 = 4*h - 80. Suppose v + 52 = h. Suppose -4*x - 5*c + 85 = 0, x - 40 = -v*x + c. What is the greatest common divisor of 105 and x?
15
Suppose -5*w - w - 4*k + 19232 = 0, 2*w + 2*k = 6412. Calculate the greatest common factor of 24 and w.
12
Let o(g) = g**2 + g + 3. Let l be o(-7). Suppose 45*h = 43*h + 40. Calculate the greatest common factor of h and l.
5
Let t be ((-5)/((-120)/(-44)))/(-6 - 70/(-12)). Calculate the greatest common factor of t and 121.
11
Let m = 611 + -601. Let i be 4032/420*(-32)/(-6)*m. What is the greatest common factor of i and 8?
8
Let s be (0 - (5 + -6)) + (-4)/1. Let m be (-43 - -5 - s)*1. Let u be 3*m/42*(-26)/5. What is the highest common factor of 143 and u?
13
Suppose o = 27*o - 680 + 30. Calculate the highest common factor of 1255 and o.
5
Let x(w) = 2*w + 3. Let y be x(-3). Let u be ((-18)/y*6)/1. Let p(v) = 2*v + 16. Let n be p(-5). Calculate the greatest common divisor of n and u.
6
Let j(q) = 2*q**2 - 48*q - 5. Let i be j(24). Let p be 7 + i - (-32 + 1). Let w(m) = m + 10. Let f be w(-7). What is the greatest common divisor of f and p?
3
Let n be (-8 - (-25)/5) + 15 + 0. Let w(r) = 2*r**3 - 8*r**2 - 7*r + 6. Let f be w(6). Calculate the greatest common factor of n and f.
12
Suppose -7*i - 10 = 3*i. Let l be 3/((-1)/((-3 + 4)*i)). Let u be ((-12)/14)/(l/(-21)). What is the greatest common factor of 2 and u?
2
Let j = -159 + 84. Let q = j + 80. Suppose 0 = 16*h - 11*h - q. Calculate the highest common divisor of 11 and h.
1
Suppose 0 = -5*g - 104*h + 101*h + 8609, 4*h = g - 1708. Calculate the highest common divisor of 520 and g.
40
Let x be 12 + ((-12)/2)/2. Suppose -q - 8*w + 12*w - 4 = 0, -3*w + 18 = 3*q. Let g be (5/(-5))/(q/2 - 3). What is the highest common factor of g and x?
1
Suppose c = 5*t + 33, 0 = -50*t + 47*t - 4*c - 29. Let n be ((-6)/t)/(10/420) - -5. Calculate the greatest common factor of n and 41.
41
Let l be (246/(-4))/((-498)/10292). What is the greatest common factor of 31 and l?
31
Let k = -188 - -186. Let q be (-12 - -7)*-5*(-2)/k. What is the greatest common divisor of q and 575?
25
Suppose 11550 = 46*c + 59*c. What is the greatest common divisor of 50 and c?
10
Suppose 154*q - 160*q = -138. Let d be 8/24 + -3*q/(-9). Calculate the greatest common factor of d and 568.
8
Let k be ((0 - -6) + -9)/(24/(-280)). Calculate the greatest common divisor of 427 and k.
7
Let t be 15/(-3) - (-24 + 16). Suppose -t*j = -3*g - 111, 2*j - 4*g = -5 + 87. Calculate the highest common divisor of j and 44.
11
Let n = 3075 + -3059. Calculate the highest common divisor of 96 and n.
16
Let r be (0 - 4)/4 + (0 - -261). Suppose 39*s - r = 19*s. What is the greatest common divisor of 91 and s?
13
Let c = 5842 - 5719. What is the greatest common divisor of c and 123?
123
Let c = -433 + 989. Let h = c + -494. What is the greatest common factor of 248 and h?
62
Suppose 0 = 12*o - 13*o - 3. Let v = o + -5. Let c be (-292)/(-16) - 1/(v/(-2)). What is the highest common divisor of 6 and c?
6
Let r = -1704 + 2532. Calculate the highest common factor of 252 and r.
36
Let d(s) = 32*s**2 + 336*s + 27. Let a be d(8). Calculate the greatest common divisor of 22 and a.
11
Suppose 0 = -2*i - 2, 5*i + 14 = 5*h - 2*h. Suppose -3*n + 2*r - 305 = -8*n, -h*n + 5*r + 152 = 0. What is the greatest common divisor of 295 and n?
59
Let c be 42 - 1 - (40/8 - (2 + -4)). Calculate the highest common factor of c and 14.
2
Suppose -446 = 5*b - 5*s - 2726, -5*s = 0. Let u = -2853 - -2861. Calculate the greatest common factor of u and b.
8
Let v = -1553 + 1647. Calculate the greatest common divisor of v and 141.
47
Suppose -49*i = -55*i + 233*i - 189091. What is the greatest common divisor of 196 and i?
49
Let u = 948 + -945. Suppose j + u*z + 1 = 5*z, 5*j - 51 = -4*z. What is the highest common factor of j and 203?
7
Suppose -34*s + 22554 = 5520. Calculate the highest common divisor of 3 and s.
3
Let d(s) = -2*s**3 - 194*s**2 - 196*s + 466. Let o be d(-96). Calculate the greatest common divisor of 150 and o.
50
Let j be 71/((-497)/(-336)) + -24. Calculate the highest common divisor of 174 and j.
6
Let z be 7 + (3 - 4) - (-33)/11. Suppose z*w - 2346 = 1713. What is the greatest common divisor of 41 and w?
41
Let z be -8 + 3 - 21/(-3). Suppose 0 = -z*p - 2*k + 26, -3*k + 50 = 5*p - 7. Calculate the greatest common factor of 36 and p.
9
Let w = 250 - 133. Let l be -2 + (-18)/(-15) - 8214/(-30). What is the greatest common divisor of w and l?
39
Let y(x) be the third derivative of -5*x**4/24 - 17*x**3/6 + 204*x**2. Let b = -3 - 6. Let i be y(b). Calculate the greatest common factor of i and 14.
14
Let h(q) = 55*q + 181. Let p be h(-18). Let g = 820 + p. Calculate the highest common factor of g and 4.
1
Let n = -67 + 82. Let k(t) be the second derivative of t**4/6 - 7*t**3/3 + 10*t. Let f be k(10). Calculate the greatest common factor of f and n.
15
Suppose -32 = -w + x, -59*w + 61*w - 88 = -4*x. Let b(c) = -8*c**2 + 2*c - 3. Let y be b(2). Let f = y + 43. Calculate the highest common divisor of w and f.
12
Suppose 14*u - 3195 - 11113 = 0. What is the greatest common divisor of u and 14?
14
Suppose 52 = -3*z + 61. Suppose 5*i = -2*h + z, 0 = -5*h - 3*i + 18 - 1. Let p = 5 + h. Calculate the greatest common divisor of 63 and p.
9
Let m(n) = -n**2 + 59*n - 6. Let o be m(39). What is the highest common divisor of 18 and o?
18
Suppose 2*h = 3*d - 9446, 4*d - 7*h + 3*h - 12592 = 0. What is the highest common divisor of d and 378?
126
Let w be (128 + 56)*(-1041)/(-24). Calculate the greatest common divisor of 23 and w.
23
Let m(x) = 3*x**2 + 50*x + 1917. Let z be m(-33). What is the highest common factor of 570 and z?
114
Suppose 8*q = -26*q + 262 + 792. What is the highest common factor of q and 2077?
31
Let a be (((-160)/4)/10)/((-4)/69). Suppose -30*d + 27*d + 6 = 0. What is the highest common divisor of d and a?
1
Let t be 8584/6*(-8 - (-152)/16). What is the greatest common factor of 111 and t?
37
Let w(r) = -r**3 + 3*r**2 + 3. Let z be w(3). Let s = z - -1. Suppose -s*n = h - 38, -n + 23 = 2*n - 2*h. Calculate the highest common divisor of 27 and n.
9
Let f = -559 - -559. Suppose f = -18*r + 22